False
Does 2397 divide 600726552?
True
Is 149 a factor of 146301692?
False
Is 2374 a factor of 1928377882?
False
Is 1664 a factor of 65050331?
False
Is 76 a factor of 93563046?
False
Does 258 divide 52780530?
False
Does 6573 divide 2484363945?
True
Does 5 divide 3381553?
False
Does 241 divide 2594173142?
False
Does 130 divide 12897820?
True
Is 5594770 a multiple of 38?
False
Is 261 a factor of 1450116?
True
Is 7026192 a multiple of 1750?
False
Is 21537504 a multiple of 159?
True
Is 10320280 a multiple of 10?
True
Is 3549 a factor of 590528757?
True
Is 500 a factor of 26753000?
True
Is 3414427365 a multiple of 15?
True
Is 82 a factor of 2464981910?
True
Does 5133 divide 148860073?
False
Does 16 divide 1851745456?
True
Is 169 a factor of 42841669?
True
Is 484764826 a multiple of 119?
True
Does 882 divide 170919948?
False
Is 519 a factor of 224092263?
True
Is 147 a factor of 11298420?
True
Is 587040491 a multiple of 30?
False
Is 34 a factor of 11984531?
False
Is 86 a factor of 164565880?
False
Is 97 a factor of 115137584?
False
Is 74 a factor of 1946710304?
True
Does 239 divide 2815023703?
False
Is 2844799169 a multiple of 139?
False
Does 726 divide 16880226?
True
Is 5652583 a multiple of 503?
False
Is 44130636 a multiple of 242?
True
Is 1270489322 a multiple of 6972?
False
Is 54663922 a multiple of 70?
False
Does 17 divide 535989?
False
Is 614157236 a multiple of 308?
True
Is 1530 a factor of 13926060?
True
Does 1216 divide 73948608?
True
Is 5059314 a multiple of 78?
True
Is 693591620 a multiple of 3561?
False
Is 384086089 a multiple of 19?
False
Is 5035 a factor of 411767335?
True
Does 18 divide 61558866?
True
Is 18517637 a multiple of 615?
False
Is 95815922 a multiple of 2?
True
Is 190848963 a multiple of 25?
False
Is 906 a factor of 826270188?
True
Is 60 a factor of 29011121?
False
Is 4600436897 a multiple of 500?
False
Does 803 divide 624955628?
True
Does 282 divide 525665484?
True
Is 227515260 a multiple of 158?
True
Is 6 a factor of 439950889?
False
Does 50 divide 163279034?
False
Is 16 a factor of 7023229?
False
Does 145 divide 99132005?
True
Is 1204 a factor of 103864264?
True
Is 15 a factor of 5483374017?
False
Is 44783397 a multiple of 23?
False
Is 147 a factor of 16660543?
False
Does 17 divide 123708524?
True
Does 87 divide 664825116?
True
Is 41192598 a multiple of 34?
True
Is 90397866 a multiple of 39?
True
Does 22 divide 348572893?
False
Is 31779901 a multiple of 378?
False
Is 37588923 a multiple of 387?
True
Is 103157032 a multiple of 10?
False
Does 96 divide 1940644800?
True
Is 77 a factor of 9147523?
True
Is 777834912 a multiple of 48?
True
Is 5 a factor of 38827951?
False
Does 72 divide 193967001?
False
Is 239054367 a multiple of 9?
False
Is 2227 a factor of 140337565?
False
Does 37 divide 516694738?
False
Does 1752 divide 1036869983?
False
Is 3255 a factor of 6718320?
True
Does 20 divide 15733760?
True
Is 24 a factor of 293834292?
False
Is 191 a factor of 27332363?
False
Is 57675585 a multiple of 165?
True
Does 123 divide 997168749?
True
Does 550 divide 676173300?
True
Is 2482 a factor of 817352384?
True
Is 924 a factor of 3193298054?
False
Is 26 a factor of 70618548?
True
Is 25 a factor of 27167825?
True
Is 691581485 a multiple of 361?
False
Does 982 divide 95047629?
False
Does 15 divide 8740839?
False
Is 630 a factor of 888797374?
False
Is 5259 a factor of 1052193873?
False
Does 605 divide 1713258784?
False
Does 9 divide 113347124?
False
Is 115454160 a multiple of 216?
True
Is 48380681 a multiple of 3?
False
Does 336 divide 123955776?
True
Is 773 a factor of 152918725?
True
Does 66 divide 165799194?
True
Is 83799272 a multiple of 8?
True
Is 304 a factor of 1390177066?
False
Does 654 divide 2539247267?
False
Is 23210058 a multiple of 57?
True
Does 23 divide 24492989?
False
Does 16 divide 12438240?
True
Is 27280847 a multiple of 671?
True
Is 9 a factor of 274339530?
True
Does 261 divide 27264984?
False
Does 3 divide 5251975?
False
Does 17 divide 751782619?
True
Is 164 a factor of 147595604?
False
Does 46 divide 33947586?
True
Is 724 a factor of 665316904?
True
Does 31 divide 4429862?
False
Is 24993056 a multiple of 1406?
True
Does 344 divide 725840?
True
Does 561 divide 6672141?
False
Does 30 divide 143678700?
True
Does 919 divide 188772492?
False
Is 810862857 a multiple of 7?
True
Does 16 divide 12527984?
True
Does 18 divide 1219533?
False
Does 21 divide 1178840502?
True
Is 5528080 a multiple of 4?
True
Is 934 a factor of 423070346?
False
Is 348972964 a multiple of 2983?
False
Is 153 a factor of 88118?
False
Is 34 a factor of 46656228?
True
Is 363739574 a multiple of 19?
False
Does 2226 divide 173244344?
False
Does 1669 divide 61217193?
False
Is 244320664 a multiple of 196?
True
Is 237 a factor of 44885141?
False
Is 1057982390 a multiple of 796?
False
Does 173 divide 20865019?
False
Is 51772224 a multiple of 56?
True
Is 3 a factor of 1127283763?
False
Does 34 divide 61779002?
False
Is 8650436665 a multiple of 381?
False
Is 548455182 a multiple of 599?
True
Does 667 divide 1843864651?
False
Is 40 a factor of 1774164280?
True
Is 3107 a factor of 98689464?
False
Does 24 divide 881217048?
True
Does 148 divide 777706388?
False
Is 168302733 a multiple of 1539?
False
Does 1386 divide 26458722?
False
Is 34286056 a multiple of 1022?
True
Is 932635438 a multiple of 7?
True
Is 14930424 a multiple of 138?
False
Does 3 divide 5620302?
True
Is 19615804 a multiple of 18?
False
Is 558491698 a multiple of 90?
False
Does 42 divide 7469952?
True
Does 621 divide 1336501917?
True
Is 95863027 a multiple of 996?
False
Is 105957293 a multiple of 330?
False
Is 16 a factor of 1350769856?
True
Is 1164208600 a multiple of 327?
False
Is 246328809 a multiple of 455?
False
Is 500 a factor of 50453166?
False
Is 2696 a factor of 397417360?
True
Is 75 a factor of 1976309325?
True
Is 39 a factor of 394004724?
False
Does 4 divide 4590496?
True
Is 149532240 a multiple of 429?
True
Does 15 divide 716869524?
False
Does 6476 divide 774640312?
False
Is 14 a factor of 99157633?
False
Is 60457005 a multiple of 1239?
True
Does 97 divide 435982990?
True
Is 50763244 a multiple of 1368?
False
Does 2807 divide 62481013?
True
Is 203929120 a multiple of 32?
True
Is 126 a factor of 845465166?
True
Is 36675366 a multiple of 9?
False
Is 887918430 a multiple of 336?
False
Is 41 a factor of 528026823?
True
Is 220 a factor of 2107913383?
False
Does 917 divide 328301589?
True
Is 21617810 a multiple of 673?
False
Is 70 a factor of 336016350?
False
Does 896 divide 55405536?
False
Is 589074735 a multiple of 2137?
True
Is 1118197125 a multiple of 775?
True
Does 69 divide 393469675?
False
Is 2572 a factor of 883113053?
False
Is 163 a factor of 36586328?
True
Is 168119646 a multiple of 1527?
True
Is 3281061 a multiple of 21?
True
Is 638843968 a multiple of 1023?
False
Is 570 a factor of 126375840?
True
Is 1034416 a multiple of 17?
True
Is 3493 a factor of 89010630?
False
Is 7 a factor of 15392909?
True
Is 2127 a factor of 20061422?
False
Is 6 a factor of 19910125?
False
Does 202 divide 128464382?
False
Is 21564333 a multiple of 500?
False
Is 139 a factor of 98777431?
True
Does 624 divide 4571030880?
True
Is 2895629 a multiple of 6?
False
Does 42 divide 5817294?
True
Is 888057 a multiple of 57?
False
Is 28353815 a multiple of 63?
False
Is 102150998 a multiple of 1056?
False
Does 710 divide 70651390?
True
Is 27 a factor of 210075196?
False
Is 15 a factor of 9816165?
True
Does 34 divide 195352526?
False
Is 9 a factor of 923514768?
True
Does 3845 divide 447932143?
False
Is 52462998 a multiple of 808?
False
Is 20 a factor of 166927660?
True
Does 44 divide 55511131?
False
Is 24402711 a multiple of 42?
False
Is 60699296 a multiple of 1864?
True
Is 76 a factor of 9284077?
False
Does 806 divide 28185820?
True
Does 357 divide 395477711?
False
Is 13320076 a multiple of 59?
True
Does 24 divide 230454087?
False
Does 13 divide 97057428?
True
Is 30 a factor of 706233930?
True
Does 14 divide 1603418076?
False
Is 13268380 a multiple of 1660?
True
Is 1057064500 a multiple of 250?
True
Does 27 divide 657507537?
True
Is 2941839168 a multiple of 1284?
True
Does 88 divide 127590320?
True
Is 3731437 a multiple of 58?
False
Is 89 a factor of 167760982?
False
Does 56 divide 2374838368?
True
Is 4888320 a mult